 = d**3 - 49*d**2 - 900*d - 163. What is n(-14)?
89
Let j(m) = m**2 - 198*m + 9710. Give j(89).
9
Let g(z) = -4568*z + 113930. Determine g(25).
-270
Let t(b) = 2*b**2 - 26407*b + 6502161. Determine t(251).
6
Let r(d) = -32235*d - 9831678. Give r(-305).
-3
Let z(j) = j**2 - 2584*j + 222062. Determine z(89).
7
Let g(i) = -7*i**2 - 34948*i - 313936. Determine g(-9).
29
Let s(n) = 2*n**3 - 9*n**2 + 512*n + 23. Give s(0).
23
Let s(b) = 25*b**3 + 761*b**2 + 737*b - 23. Calculate s(-1).
-24
Let y(o) = 9*o**2 - 1578*o + 27960. Give y(20).
0
Let y(d) = 4*d**2 - 1019*d + 10452. Calculate y(244).
-40
Let n(l) = -l**2 - 22*l + 2440. What is n(41)?
-143
Let u(h) = 261340*h - 1045597. Give u(4).
-237
Let f(q) = 8*q**3 - 9*q**2 - 469*q + 2432. Determine f(5).
862
Let j(h) = 6*h**3 - 55*h**2 + 31*h + 155. Give j(8).
-45
Let f(i) = 8*i**2 - 182*i - 44446. Give f(-64).
-30
Let h(z) = -z**3 + 69*z**2 + 164*z - 1125. What is h(-5)?
-95
Let o(z) = -24596*z - 98398. Determine o(-4).
-14
Let z(h) = 2*h**2 + 14*h - 157. Calculate z(10).
183
Let o(k) = 3*k**2 + 100*k + 183. Calculate o(-39).
846
Let c(o) = 143131*o + 3721392. Give c(-26).
-14
Let f(w) = -2678*w - 34686. Give f(-13).
128
Let w(h) = -6661*h**2 + 59955*h - 59. Determine w(9).
-5
Let o(v) = -331452*v + 2983054. Give o(9).
-14
Let s(m) = 2*m**3 - 25*m**2 + 807*m - 9547. Give s(12).
-7
Let p(d) = 258662*d - 258710. Calculate p(1).
-48
Let z(t) = t**3 + 19*t**2 + 982*t - 32378. Calculate z(19).
-2
Let t(p) = 1856*p - 10054. What is t(5)?
-774
Let v(n) = -2*n**3 - 1331*n**2 - 9*n + 436. Calculate v(0).
436
Let b(t) = 21*t**2 - 8111*t + 56871. Calculate b(7).
1123
Let g(r) = -377*r - 28665. What is g(-77)?
364
Let p(l) = -2*l**3 - 10*l**2 + 83*l + 67. Give p(-9).
-32
Let f(o) = -14849*o + 2034304. What is f(137)?
-9
Let m(h) = -2*h**2 - 790*h + 29166. Determine m(34).
-6
Let o(f) = -7835*f - 7794. What is o(-1)?
41
Let u(v) = -3430*v - 466467. Determine u(-136).
13
Let d(v) = 2145*v + 27513. What is d(-13)?
-372
Let r(l) = -130*l**3 + 127*l**2 - 42*l + 48. What is r(1)?
3
Let k(p) = p**3 + 129*p**2 + 3644*p - 7993. Give k(-46).
11
Let m(w) = -957*w + 118738. Give m(124).
70
Let m(x) = -246*x - 278. Calculate m(0).
-278
Let p(k) = 33*k**2 - 998*k - 403. What is p(33)?
2600
Let j(c) = -c**2 + 1719*c + 40013. Determine j(-23).
-53
Let a(r) = 17*r**2 - 15*r - 7. Give a(3).
101
Let u(c) = -6601*c + 257453. Determine u(39).
14
Let v(w) = -4*w**3 - 305*w**2 - 1226*w + 206. What is v(-72)?
350
Let d(f) = 804*f + 262097. Give d(-326).
-7
Let x(p) = 4*p - 1119. Give x(126).
-615
Let f(j) = 1063*j**2 - 59530*j + 116. Give f(56).
4
Let h(j) = -5*j**2 - 128*j + 3907. Give h(23).
-1682
Let v(h) = -200*h - 3199. Calculate v(-16).
1
Let h(t) = -667*t + 157394. Calculate h(236).
-18
Let k(m) = -1670*m - 196166. What is k(-119)?
2564
Let u(r) = -49*r**2 + 154*r + 83. Determine u(4).
-85
Let u(y) = y**3 - 99006*y - 297000. Calculate u(-3).
-9
Let d(h) = 864*h**2 + 8650*h + 88. Determine d(-10).
-12
Let o(r) = 208639*r + 2503671. Give o(-12).
3
Let z(p) = -13*p**2 - 4674*p - 2568. Give z(-359).
-55
Let d(j) = -48125*j + 288549. Give d(6).
-201
Let a(w) = -2*w**3 - 5*w**2 - 854*w - 4391. Determine a(-5).
4
Let a(j) = 5067*j + 28043. Give a(-5).
2708
Let o(t) = -6*t**2 + 259*t + 2842. Give o(-11).
-733
Let u(y) = -8830*y + 265096. Give u(30).
196
Let r(q) = 1823*q**2 - 78389*q + 51. What is r(43)?
51
Let x(i) = 63*i**3 - 198*i**2 - 821*i - 26. Calculate x(-4).
-3942
Let s(g) = 831*g + 7652. What is s(-9)?
173
Let p(d) = -23231*d + 1626145. What is p(70)?
-25
Let d(k) = 16*k**3 + 209*k**2 + 831*k + 10738. Calculate d(-13).
104
Let b(i) = 16*i**3 + 3*i**2 - 28*i + 41. Give b(2).
125
Let j(u) = -u**3 + 28*u**2 - 450*u + 115. Give j(0).
115
Let l(g) = -6*g**2 - 5*g + 3331. Calculate l(-24).
-5
Let z(g) = -2335*g - 170634. Determine z(-73).
-179
Let o(t) = t**3 - 5*t**2 - 18*t - 38. What is o(8)?
10
Let u(r) = -10*r**2 - 1256*r - 18453. Give u(-17).
9
Let t(f) = -30*f**2 + 2967*f + 3273. Calculate t(100).
-27
Let w(s) = 24519*s - 563932. Determine w(23).
5
Let l(h) = h**3 - 6*h**2 + 2169*h - 22086. Calculate l(10).
4
Let b(n) = -n**3 + 38*n**2 + 210*n + 381. What is b(43)?
166
Let m(t) = -t**2 - 9003*t - 438732. Determine m(-49).
14
Let q(i) = 314*i + 4423. Determine q(-14).
27
Let t(o) = 7*o**3 - 290*o**2 + 100*o + 98. What is t(41)?
-845
Let i(v) = 51883*v + 1141442. Determine i(-22).
16
Let z(c) = -2223*c + 6780. Determine z(3).
111
Let d(w) = 81*w**2 + 22*w - 37. Determine d(-1).
22
Let u(y) = -114*y - 7910. Calculate u(-56).
-1526
Let w(b) = 15478*b + 15566. Calculate w(-1).
88
Let s(b) = 15*b**3 - 417*b**2 + 320*b + 28. Give s(27).
-80
Let s(r) = -900*r + 19440. Give s(21).
540
Let q(c) = c**3 + 22*c**2 + 130*c - 20. Give q(-9).
-137
Let p(d) = d**3 + 192*d**2 + 8628*d - 833. Calculate p(-72).
31
Let o(t) = -49*t**2 + 2434*t - 1620. Determine o(49).
-3
Let w(i) = 613*i + 6069. What is w(-10)?
-61
Let d(f) = f**3 + 38*f**2 + 62*f - 143. Give d(-36).
217
Let q(m) = -m**2 + 308*m - 3223. Determine q(11).
44
Let o(n) = -2*n**3 + 23*n**2 - 167*n + 1025. What is o(9)?
-73
Let h(z) = -6968*z + 41753. Determine h(6).
-55
Let h(t) = 7*t**3 - 7*t**2 + 598*t - 7. Calculate h(0).
-7
Let n(g) = -335*g + 10597. What is n(36)?
-1463
Let b(t) = 52046*t + 1821619. Give b(-35).
9
Let f(o) = 1598*o + 4791. Determine f(-3).
-3
Let l(w) = -7*w**2 + 6562*w - 19668. Determine l(3).
-45
Let t(q) = -4*q**3 - 254*q**2 + 387*q - 448. Determine t(-65).
-253
Let n(r) = 123*r**2 - 812*r - 2415. Give n(-3).
1128
Let m(v) = -166357*v + 499091. Calculate m(3).
20
Let j(a) = 303*a**3 - 78*a**2 - 130*a + 207. Give j(1).
302
Let y(k) = 5*k**2 - 172*k + 2032. Calculate y(12).
688
Let o(q) = q**3 + 328*q**2 - 3188*q - 834237. Give o(-330).
3
Let g(i) = -3*i**2 + 324*i - 3657. Determine g(92).
759
Let i(m) = -m**2 - 1447*m - 469826. Give i(-492).
34
Let g(s) = 2833951*s - 2833947. Determine g(1).
4
Let b(q) = 22418*q - 381192. Calculate b(17).
-86
Let x(g) = -3466*g - 169822. What is x(-49)?
12
Let l(t) = 1123*t - 187875. What is l(167)?
-334
Let j(k) = 2*k**3 - 32*k**2 - 196*k + 3566. Give j(13).
4
Let b(u) = -u**3 + 17*u**2 + 11922*u + 381. What is b(-101)?
-23
Let v(o) = -150*o**2 + 141*o - 374. Calculate v(3).
-1301
Let n(g) = 2*g**3 + 4*g**2 - 306*g + 17. Calculate n(0).
17
Let r(p) = p**2 + 18170*p + 399254. Calculate r(-22).
-2
Let n(z) = 6*z**2 + 589*z + 14493. Give n(-71).
2920
Let f(i) = -1721630*i - 41319126. What is f(-24)?
-6
Let x(d) = -d**3 + 178*d**2 - 4892*d + 61. What is x(34)?
197
Let g(i) = -4262*i + 40899. Determine g(10).
-1721
Let i(b) = b**2 + 359*b - 25912. Determine i(66).
2138
Let y(h) = -h**2 + 542*h + 50849. Calculate y(-78).
2489
Let m(j) = 1808*j - 76562. Give m(42).
-626
Let v(i) = 732*i + 176722. Give v(-240).
1042
Let q(k) = -4445876*k + 8891748. Give q(2).
-4
Let g(c) = 16574*c + 66224. What is g(-4)?
-72
Let k(p) = -p**2 - 163*p + 2142. Calculate k(13).
-146
Let w(r) = -r**3 + 4*r**2 - 312*r + 2858. What is w(9)?
-355
Let w(o) = 199*o - 24686. Give w(124).
-10
Let r(j) = 145*j**2 + 22912*j + 344. Calculate r(-158).
28
Let m(p) = 2*p**3 - 27*p**2 + 47*p + 357. What is m(7)?
49
Let l(o) = -o**3 + 278*o**2 + 611*o - 14317. Determine l(280).
-37
Let d(j) = 591*j - 4924. What is d(9)?
395
Let b(v) = 2*v**3 + 384*v**2 + 5827*v - 2090. What is b(-17)?
1
Let m(y) = 4*y**2 - 1201*y + 32889. Give m(30).
459
Let v(i) = -100332*i - 401322. Determine v(-4).
6
Let j(g) = -g**3 - 46*g**2 + 101*g + 464. What is j(-48)?
224
Let s(j) = -j**2 + 121*j - 2757. Determine s(17).
-989
Let q(x) = -3*x**3 - 350*x**2 - 571*x + 394. Determine q(-115).
-66
Let h(l) = 152*l**3 - 3*l**2 - 355*l + 359. Give h(1).
153
Let u(x) = x**2 + 26622*x + 1010196. Give u(-38).
4
Let l(d) = -d**3 - 7*d**2 + 110*d + 52. Determine l(-17).
1072
Let z(w) = 5*w**3 - 73*w**2 - 920*w + 1275. Give z(-9).
-3
Let m(y) = y**3 + 108*y**2 - 580*y - 1721. What is m(-113)?
-26
Let a(g) = 319*g**2 - 44*g + 9. Calculate a(2).
1197
Let b(q) = -q**3 - 27*q**2 - 1362*q + 13121. What is b(8)?
-15
Let l(t) = -169*t**3 + 10*t**2 + 27*t - 1. Calculate l(-2).
1337
Let l(j) = -2*j**3 + 520*j**2 + 3920*j + 1240. Give l(-7).
-34
Let o(b) = -2*b**3 + 406*b**2 + 2508*b + 21. What is o(-6)?
21
Let v(s)